 0 = -0*c - 2*c - 6. Suppose -4*z = z - 10. Let q(t) = -4*t**3 + 3*t**3 - t - t**2 - z*t**2 - 1. Calculate q(c).
2
Suppose -8*c - 6 = -9*c. Let r(k) = k**3 - 5*k**2 - 5*k - 1. Calculate r(c).
5
Let b(c) be the first derivative of -c**4/24 + c**3/6 - 4*c**2 + 6. Let y(i) be the second derivative of b(i). Determine y(-2).
3
Let y(k) be the second derivative of 13*k**7/840 + k**6/180 - k**4/24 - k**3/6 + 3*k. Let h(m) be the second derivative of y(m). Determine h(-1).
-12
Let m(k) = 6*k - 3. Let y(w) = 2*w - 1. Let n = 2 + -10. Let d(p) = n*y(p) + 3*m(p). Let b = -1 + 4. Calculate d(b).
5
Let i(t) = -21*t + 8*t - 2 + 16*t. Determine i(-6).
-20
Let l(q) = 2*q + 4. Let i(v) = -11 + 7*v + 0 - 2*v**2 + v**2 + 8*v. Let o be i(14). Give l(o).
10
Let x(r) = r + 1. Let u be x(-6). Let y be 1/(((-1)/1)/u). Let j(l) be the second derivative of -l**5/20 + l**4/2 - l**3/2 - 5*l**2/2 - 3*l. Give j(y).
5
Let f(l) = -l**2 - 4*l + 4. Let z be f(-5). Let g(v) = v**3 + 4*v**3 + v + v**3. Calculate g(z).
-7
Let k(x) = -x**2 - 6*x - 6. Let h be (0 + 3/6)*-12. Determine k(h).
-6
Let l(d) be the first derivative of d**3/3 + d**2 - d + 7. Let u be -6*1/((-3)/2). Let m be (2 + -8)*2/u. Determine l(m).
2
Let y be 2*(-1)/((-4)/12). Let i(b) = -b**3 + 5*b**2 + 4*b + 3. Determine i(y).
-9
Let x = 5 + -7. Let v(u) = -u - 8. Let a be v(-6). Let k be x*(-3)/a*1. Let j(i) = -i**3 - 2*i**2 + 5*i + 4. Calculate j(k).
-2
Let r(n) = -n**3 + n**2 + n + 7. Let q = -20 + 28. Suppose 0 = -2*d - 4*p - 19 + 51, -12 = -3*p. Let c = q - d. Determine r(c).
7
Let c(a) = a + 5. Suppose v + 3*v = 20. Let l = -12 - -7. Let z = l + v. What is c(z)?
5
Let p(m) be the third derivative of 0 + 4*m**2 + 0*m - 5/24*m**4 + 1/6*m**3 + 1/60*m**5. What is p(6)?
7
Let g(a) be the second derivative of a**3/3 - 2*a**2 - 2*a. Give g(4).
4
Let z(a) = a**2 - 4*a - 4. Let l be z(4). Let c(k) = -k + 1. Let j(h) = h + 1. Let f(g) = -c(g) + j(g). Calculate f(l).
-8
Suppose 4*p - 6*p = 2. Let u(z) = -z**2 + 2*z - 1. Let q(a) = a. Let n(y) = -3*q(y) + u(y). Calculate n(p).
-1
Let m(z) be the second derivative of z**4/12 + z**3/6 - 2*z**2 - 27*z. What is m(-4)?
8
Let f(p) = 2*p**2 - 2. Let j = 60 - 58. Give f(j).
6
Let k(x) be the second derivative of -x**4/4 + x**3/6 - 38*x. Let v(o) = o**2 - 4*o + 2. Let z be v(3). Give k(z).
-4
Let l be (-3 - -5)/(4/(-2)). Let r be (l - -4) + (-12)/2. Let w(j) be the third derivative of j**5/60 + j**4/24 - j**3/6 - j**2. Determine w(r).
5
Let m(v) be the second derivative of -v**5/20 - v**4/12 - v**3/6 - 5*v. What is m(0)?
0
Let k(p) = -p. Let o be 3*(-1)/((-7)/(70/6)). Determine k(o).
-5
Let c(i) be the third derivative of 0 + 1/12*i**4 - 1/15*i**5 + i**2 - 1/6*i**3 + 0*i. Give c(1).
-3
Suppose 2*l = -l + 9. Suppose -l*u - 4 = -s, 0 = -5*s + 2*u - 0*u + 7. Let z(r) = 4*r + 1. Let j(v) = -5*v - 1. Let w(b) = 6*j(b) + 7*z(b). What is w(s)?
-1
Let t(p) = -p**2 - 6*p - 6. Let l(j) = -j**2 + 2*j + 10. Let m be l(5). Calculate t(m).
-1
Let z(t) be the first derivative of -t**2/2 - 2*t + 1. Suppose 4*x - 5*x = -5. Suppose x*p - 3*p - 6 = m, -3*p = m - 4. Calculate z(m).
0
Let r(z) be the third derivative of -z**6/360 - 7*z**5/120 - 7*z**4/24 + z**3/6 - 4*z**2. Let a(p) be the first derivative of r(p). Calculate a(-5).
3
Let o(q) = 12*q**2 + q. Let f = 15 - 24. Let d = -10 - f. Give o(d).
11
Let w be (-30)/(-4) - 2/(-4). Suppose 8*f - 4*f - w = 4*g, -4 = -5*f + 2*g. Let q(p) = p + 9. Calculate q(f).
9
Let i = 1 - 1. Let k(g) = -8 - 2*g + i*g**2 - 6*g**2 + 7. Determine k(-1).
-5
Let h(j) = -j**2 - 4*j - 3. Let o be (-2)/(-5) - (-18)/5. Suppose 15 = -o*z + z. Give h(z).
-8
Let v(u) = 0*u - u + 7 + 0*u. What is v(5)?
2
Let d(v) = -2*v - 2. Suppose 2*n + 2*b = 5*b - 8, -31 = 5*n - 2*b. Let k = -13 - n. What is d(k)?
10
Let y(w) = -11*w. Let t = -2 - 21. Let j = t + 22. What is y(j)?
11
Suppose 0 = j + 5*a + 15, -4*a - 15 = -2*j + a. Let u(m) be the third derivative of m**4/24 + m**3 + m**2. Give u(j).
6
Let l = -8 - -1. Let z = l - 2. Let w = 14 + z. Let h(y) = y**3 - 4*y**2 - 5*y + 6. Give h(w).
6
Let w(y) = 5*y - 12*y - 4*y**3 - 6 + 2*y**3 + y**3 - 7*y**2. Suppose 3*d = z - 0*z, -5*d = 4*z + 34. What is w(z)?
0
Let f(s) = 3*s. Suppose -2*a + 1 = 5*l - 21, -7 = -2*l + a. Let x be f(l). Let r = x - 8. Let n(w) = w**2 - 5*w - 1. Determine n(r).
-5
Let c(s) = -s - 8. Let x(l) = -5 + 1 - 3*l - 11 + 2. Let j be x(-9). Suppose 2*d - 4*o = -4, 2*d - 5 = -o - j. Determine c(d).
-4
Let t(h) = -5*h**3 + 4*h**2 + 4*h - 11. Let j(r) = 4*r**3 - 4*r**2 - 3*r + 10. Let d(z) = 6*j(z) + 5*t(z). Determine d(-4).
-3
Suppose 6*i - i = 5. Suppose 0 = 2*l - 3 + i. Let x = l + -2. Let u(c) = -5*c**3 + c**2 + 2*c + 1. Calculate u(x).
5
Suppose 3*r - 5 = -2*r. Let f(k) = -9*k**3 - 7*k**2 - 5*k + 6. Let u(m) = 1 - 2 + 4*m + 6*m**2 + 8*m**3 - 4. Let p(s) = -4*f(s) - 5*u(s). What is p(r)?
-5
Let n(g) be the third derivative of -g**4/24 + g**3/3 + 3*g**2. Let m(p) = p**3 + 4*p**2 - 4*p + 1. Let k be m(-5). Calculate n(k).
6
Let t be 2 - 4/(-1) - 3. Let d(m) = m - 3. What is d(t)?
0
Suppose -4*t = -t + 6. Let c = -1 - t. Let x(o) = 9*o**3 + o**2 - 2*o + 1. Determine x(c).
9
Let m(c) = c**3 - 3*c**2 - 3*c - 3. Let u(v) = v**3 + 12*v**2 - v + 3. Let r be u(-12). Let x = -12 + r. Determine m(x).
-12
Suppose 3*j = 7*j. Let n = 5 + j. Let l(u) = u**3 - 4*u**2 - 3*u + 1. Give l(n).
11
Suppose -3*q + 7*q = 12. Let s(p) = p**3 + 4*p**2 - 3*p + 0*p**3 - p**2 - q*p**3. Determine s(2).
-10
Let f be ((-2 - -2) + 1)*0. Let d(p) = -2*p**2 + 7*p + 25. Let g(u) = -u**2 + 4*u + 13. Let b(w) = 3*d(w) - 5*g(w). Calculate b(f).
10
Let h(s) be the third derivative of 1/120*s**5 + 0*s**3 + 0 - 1/24*s**4 - s**2 - 1/720*s**6 + 0*s. Let z(j) be the second derivative of h(j). Calculate z(4).
-3
Let o(x) = -2*x**2 + 6*x + 6. Let c be 1 + -1 + (20 - 15). Give o(c).
-14
Suppose 5*d = 3*d - u + 7, -5*u + 25 = 5*d. Let a = 3 - d. Let o(t) = -3*t. Give o(a).
-3
Suppose -21 - 7 = 4*m - 2*x, 2*x = 2*m + 16. Let k(g) be the second derivative of g**5/20 + g**4/2 - g**3/3 - g**2 - g. Calculate k(m).
10
Suppose 0 = u - 2, 0*u - 29 = -5*g + 3*u. Let v be (-6)/(-21) + (-16)/g. Let a = -1 + v. Let x(h) = h**3 + 3*h**2 + h - 1. What is x(a)?
-4
Let r(h) be the first derivative of -h**4 - h**3/3 - h**2 - h + 8. What is r(-1)?
4
Let s(c) be the second derivative of -c**4/12 + 5*c**3/6 + c**2/2 + 3*c. Determine s(6).
-5
Let i(l) be the second derivative of -l**5/20 + 5*l**4/12 - l**3/6 + 2*l**2 + 29*l - 2. Let a(p) = p + 2. Let d be a(3). What is i(d)?
-1
Let l(i) be the third derivative of 0 - 3*i**2 + 1/24*i**4 + 0*i - 2/3*i**3. Let k be (-6)/15 + (-8)/(-20). Give l(k).
-4
Suppose 5*d + 21 = l, 3*l - d - 1 = 20. Let q(g) be the third derivative of -g**6/120 + g**5/12 + g**4/4 - g**3/6 - 27*g**2. Calculate q(l).
-1
Let k(o) = o + 7*o - 9*o + 2*o. What is k(2)?
2
Let h(r) = r**3 - 6*r**2 + 6. Let x = -9 - -8. Let q be (-3)/x - 0 - -3. Determine h(q).
6
Suppose 0 = 3*n - 5*n + 12. Let a(s) = 3 + 2*s + 1 - n. Let o(b) = -2*b - 4. Let j be o(-4). Determine a(j).
6
Let z = 13 + -7. Let v(y) be the third derivative of y**6/120 - 7*y**5/60 + 7*y**4/24 - 5*y**3/6 - 32*y**2. Calculate v(z).
1
Suppose 2 - 1 = 3*x + 2*q, -7 = -3*x + 4*q. Let w(h) be the third derivative of -5*h**2 + 0 - 1/24*h**4 + 0*h + 1/6*h**3 + 1/20*h**5. Determine w(x).
3
Let v = -2 + -6. Let m(b) = b**2 + 8*b - 2. Let j be m(v). Let p(z) = 2*z**2 + 2*z + 1. Give p(j).
5
Let z(t) = -2*t**3 - t**2 - t - 1. Let w = 14 - 27. Let v(h) = h**3 + 14*h**2 + 12*h - 14. Let f be v(w). Give z(f).
1
Suppose 9*u = 5*u. Suppose 0 = -3*t + 12, u = 3*a - 0*a + 2*t + 1. Let z(c) = c**3 + 2*c**2 - c + 1. What is z(a)?
-5
Let a = 23 - 20. Let x(c) = -6*c - 1. Let o(p) = -5*p - 1. Let l(h) = a*x(h) - 2*o(h). What is l(1)?
-9
Let r(m) = -m**2 + 5*m + 3. Let y(c) = c**2 + c + 1. Let a(b) = r(b) - 3*y(b). Let i(d) = d + 14. Let k be i(-12). Give a(k).
-12
Let k(u) = -u. Suppose 2*l = -2*l + 20. Determine k(l).
-5
Let d(i) = -i**3 - 11*i**2 - 11*i - 8. Let m be d(-10). Let z(r) = -6*r + 1. What is z(m)?
-11
Let v = -7 + 11. Suppose -8 = v*i + 4. Let w(s) = 2*s - 2 + 1 - 5*s. Calculate w(i).
8
Let o(x) = x**2 - 7*x + 10. Let k be o(5). Let b(u) be the second derivative of 3/2*u**2 + u - 1/6*u**3 + k. Give b(-3).
6
Let z = 